{"id":52,"date":"2014-01-05T21:04:39","date_gmt":"2014-01-05T20:04:39","guid":{"rendered":"http:\/\/monikasokol.pl\/?page_id=52"},"modified":"2018-10-10T20:32:52","modified_gmt":"2018-10-10T18:32:52","slug":"jezdzcy","status":"publish","type":"page","link":"http:\/\/monikasokol.pl\/?page_id=52","title":{"rendered":"Je\u017ad\u017acy"},"content":{"rendered":"<div id='gallery-1' class='gallery galleryid-52 gallery-columns-3 gallery-size-thumbnail'><figure class='gallery-item'>\n\t\t\t<div class='gallery-icon portrait'>\n\t\t\t\t<a href='http:\/\/monikasokol.pl\/?attachment_id=53'><img loading=\"lazy\" decoding=\"async\" width=\"150\" height=\"150\" src=\"http:\/\/monikasokol.pl\/wp-content\/uploads\/2014\/01\/nr-8MF-150x150.jpg\" class=\"attachment-thumbnail size-thumbnail\" alt=\"\" aria-describedby=\"gallery-1-53\" \/><\/a>\n\t\t\t<\/div>\n\t\t\t\t<figcaption class='wp-caption-text gallery-caption' id='gallery-1-53'>\n\t\t\t\tMagazyn Fantastyczny nr 8\n\t\t\t\t<\/figcaption><\/figure><figure class='gallery-item'>\n\t\t\t<div class='gallery-icon portrait'>\n\t\t\t\t<a href='http:\/\/monikasokol.pl\/?attachment_id=54'><img loading=\"lazy\" decoding=\"async\" width=\"150\" height=\"150\" src=\"http:\/\/monikasokol.pl\/wp-content\/uploads\/2014\/01\/jezdzcy-j.-brodnicki_ma\u0142y-150x150.jpg\" class=\"attachment-thumbnail size-thumbnail\" alt=\"\" aria-describedby=\"gallery-1-54\" srcset=\"http:\/\/monikasokol.pl\/wp-content\/uploads\/2014\/01\/jezdzcy-j.-brodnicki_ma\u0142y-150x150.jpg 150w, http:\/\/monikasokol.pl\/wp-content\/uploads\/2014\/01\/jezdzcy-j.-brodnicki_ma\u0142y-197x198.jpg 197w\" sizes=\"auto, (max-width: 150px) 100vw, 150px\" \/><\/a>\n\t\t\t<\/div>\n\t\t\t\t<figcaption class='wp-caption-text gallery-caption' id='gallery-1-54'>\n\t\t\t\tIlustracja do Je\u017ad\u017ac\u00f3w autorstwa J. Brodnickiego\n\t\t\t\t<\/figcaption><\/figure>\n\t\t<\/div>\n\n<p><em>Je\u017ad\u017acy<\/em> zostali wydani w tym samym miesi\u0105cu co <em>Axis Mundi<\/em>, a na swoich \u0142amach to opowiadanie umie\u015bci\u0142 Magazyn Fantastyczny w 8 numerze 2006 roku.<\/p>\n<p><em>Je\u017ad\u017acy<\/em> to wyraz t\u0119sknoty zar\u00f3wno za ukochanym, jak i za wolno\u015bci\u0105, kt\u00f3ra t\u0142amsi\u0142o znienawidzone przeze mnie szare \u017cycie codzienne. <em>Je\u017ad\u017acy<\/em> byli dla mnie namiastk\u0105 wolno\u015bci.<\/p>\n<p>Poni\u017cej umieszczam fragment i na samym dole, pod fragmentem, wersj\u0119 pe\u0142n\u0105 w formacie pdf.<\/p>\n<p><strong>Je\u017ad\u017acy<\/strong> &#8211; fragment<\/p>\n<p align=\"JUSTIFY\"><span style=\"font-family: Trebuchet MS,sans-serif;\"><span style=\"font-size: medium;\">Tej nocy nadlecia\u0142y or\u0142y. Kr\u0105\u017cy\u0142y nade mn\u0105 coraz ni\u017cej i ni\u017cej. Ich olbrzymie skrzyd\u0142a budzi\u0142y wiatr, kt\u00f3ry targa\u0142 moimi w\u0142osami, a zakrzywione szpony by\u0142y coraz bli\u017cej mojej twarzy. Wyszczerzy\u0142am rado\u015bnie z\u0119by i przyczai\u0142am si\u0119 na lekko ugi\u0119tych nogach. Rozsadza\u0142a mnie euforia, a w \u017cy\u0142ach pulsowa\u0142a czysta adrenalina. Marzy\u0142am o tym, \u017ceby wreszcie spad\u0142y na mnie i gdy zacz\u0119\u0142y pikowa\u0107 w d\u00f3\u0142 \u015bmia\u0142am si\u0119, jak op\u0119tana, jednocze\u015bnie szykuj\u0105c si\u0119 do skr\u0119cenia im kark\u00f3w.<\/span><\/span><\/p>\n<p align=\"CENTER\">\u00a0<span style=\"font-family: Trebuchet MS,sans-serif;\"><span style=\"font-size: medium;\">\\<\/span><\/span><\/p>\n<p align=\"JUSTIFY\">\u00a0<span style=\"font-family: Trebuchet MS,sans-serif;\"><span style=\"font-size: medium;\">Obudzi\u0142am si\u0119 mokra od potu. Smoki na moich plecach wyczynia\u0142y dzikie harce. Si\u0119gn\u0119\u0142am po butelk\u0119. Na szcz\u0119\u015bcie zosta\u0142o w niej jeszcze troch\u0119 p\u0142ynu. Poczu\u0142am w ustach znajomy piek\u0105cy smak, kt\u00f3ry sprowadzi\u0142 na mnie b\u0142ogie odpr\u0119\u017cenie. Nie na d\u0142ugo jednak, gdy\u017c po chwili moje cia\u0142o przeszy\u0142 przenikliwy b\u00f3l. To jeden z tych cholernych gad\u00f3w smagn\u0105\u0142 mnie po nerce. Zakrztusi\u0142am si\u0119 w\u00f3dk\u0105 i kaszl\u0105c wyplu\u0142am j\u0105 na pod\u0142og\u0119. Skurczybyki, zabra\u0142y si\u0119 powa\u017cnie za zniech\u0119canie mnie do picia. To chyba nawet skuteczniejsze od Esperalu. Da\u0142am na razie spok\u00f3j butelce. <\/span><\/span><\/p>\n<p align=\"JUSTIFY\"><span style=\"font-family: Trebuchet MS,sans-serif;\"><span style=\"font-size: medium;\">Okaza\u0142o si\u0119, \u017ce to \u201ena razie\u201d trwa\u0142o jakie\u015b dwa tygodnie, bo smoki by\u0142y czujne i bole\u015bnie reagowa\u0142y na jakiekolwiek pr\u00f3by przemycenia do mojego organizmu nawet odrobiny alkoholu. Za g\u0142upi\u0105 herbatk\u0119 z rumem zwija\u0142am si\u0119 z b\u00f3lu dobre dziesi\u0119\u0107 minut.<\/span><\/span><\/p>\n<p align=\"JUSTIFY\"><span style=\"font-family: Trebuchet MS,sans-serif;\"><span style=\"font-size: medium;\">Nie ma co ukrywa\u0107 \u2013 smoki doprowadza\u0142y mnie do furii. Mia\u0142am szczer\u0105 ochot\u0119 je usun\u0105\u0107. Zdawa\u0142am sobie jednak spraw\u0119, \u017ce tego zabiegu mog\u0142abym nie prze\u017cy\u0107, bo bestie nie podda\u0142yby si\u0119 bez walki. Poza tym, to troch\u0119 by\u0142oby mi ich \u017cal \u2013 by\u0142y naprawd\u0119 pi\u0119kne. Ka\u017cda \u0142uska na ich w\u0119\u017cowych splotach l\u015bni\u0142a, jak wypolerowany czarny pancerz, a ka\u017cdy symbol jarzy\u0142 si\u0119 krwist\u0105 czerwieni\u0105. <\/span><\/span><\/p>\n<p align=\"JUSTIFY\"><span style=\"font-family: Trebuchet MS,sans-serif;\"><span style=\"font-size: medium;\">Wstyd mi si\u0119 do tego przyzna\u0107, ale dzi\u0119ki nim czu\u0142am si\u0119 troch\u0119 mniej samotna.<\/span><\/span><\/p>\n<p align=\"JUSTIFY\"><a href=\"http:\/\/monikasokol.pl\/wp-content\/uploads\/2014\/01\/Je\u017ad\u017acy.pdf\">Je\u017ad\u017acy<\/a> &#8211; pe\u0142na wersja pdf.<\/p>\n<p>&nbsp;<\/p>\n<div id=\"fb-root\"><\/div><script src=\"http:\/\/connect.facebook.net\/en_US\/all.js#xfbml=1\"><\/script><fb:like href=\"http:\/\/monikasokol.pl\/?page_id=52\" send=\"true\" layout=\"standard\" width=\"450\" show_faces=\"true\" font=\"arial\" action=\"like\" colorscheme=\"light\"><\/fb:like>","protected":false},"excerpt":{"rendered":"<p>Je\u017ad\u017acy zostali wydani w tym samym miesi\u0105cu co Axis Mundi, a na swoich \u0142amach to opowiadanie umie\u015bci\u0142 Magazyn Fantastyczny w 8 numerze 2006 roku. Je\u017ad\u017acy to wyraz t\u0119sknoty zar\u00f3wno za ukochanym, jak i za wolno\u015bci\u0105, kt\u00f3ra t\u0142amsi\u0142o znienawidzone przeze mnie szare \u017cycie codzienne. Je\u017ad\u017acy byli dla mnie namiastk\u0105 wolno\u015bci. Poni\u017cej umieszczam fragment i na samym &hellip; <a href=\"http:\/\/monikasokol.pl\/?page_id=52\" class=\"more-link\">Czytaj dalej <span class=\"screen-reader-text\">Je\u017ad\u017acy<\/span><\/a><\/p>\n","protected":false},"author":1,"featured_media":0,"parent":22,"menu_order":12,"comment_status":"open","ping_status":"closed","template":"","meta":{"footnotes":""},"class_list":["post-52","page","type-page","status-publish","hentry"],"_links":{"self":[{"href":"http:\/\/monikasokol.pl\/index.php?rest_route=\/wp\/v2\/pages\/52","targetHints":{"allow":["GET"]}}],"collection":[{"href":"http:\/\/monikasokol.pl\/index.php?rest_route=\/wp\/v2\/pages"}],"about":[{"href":"http:\/\/monikasokol.pl\/index.php?rest_route=\/wp\/v2\/types\/page"}],"author":[{"embeddable":true,"href":"http:\/\/monikasokol.pl\/index.php?rest_route=\/wp\/v2\/users\/1"}],"replies":[{"embeddable":true,"href":"http:\/\/monikasokol.pl\/index.php?rest_route=%2Fwp%2Fv2%2Fcomments&post=52"}],"version-history":[{"count":2,"href":"http:\/\/monikasokol.pl\/index.php?rest_route=\/wp\/v2\/pages\/52\/revisions"}],"predecessor-version":[{"id":140,"href":"http:\/\/monikasokol.pl\/index.php?rest_route=\/wp\/v2\/pages\/52\/revisions\/140"}],"up":[{"embeddable":true,"href":"http:\/\/monikasokol.pl\/index.php?rest_route=\/wp\/v2\/pages\/22"}],"wp:attachment":[{"href":"http:\/\/monikasokol.pl\/index.php?rest_route=%2Fwp%2Fv2%2Fmedia&parent=52"}],"curies":[{"name":"wp","href":"https:\/\/api.w.org\/{rel}","templated":true}]}}